Is 32 a factor of 1300288?
True
Is 637 a factor of 24619413?
True
Is 174 a factor of 6208146?
True
Is 10655533 a multiple of 14?
False
Does 50 divide 1836076?
False
Is 39075 a multiple of 15?
True
Does 172 divide 5476339?
False
Is 39244 a multiple of 69?
False
Is 2906715 a multiple of 651?
True
Does 4 divide 37283?
False
Is 21 a factor of 337762?
False
Is 302 a factor of 1388898?
True
Does 322 divide 461520?
False
Is 173229 a multiple of 113?
True
Is 9990 a multiple of 18?
True
Is 237790 a multiple of 43?
True
Is 20230 a multiple of 35?
True
Is 71 a factor of 911353?
False
Is 347058 a multiple of 6?
True
Is 535290 a multiple of 26?
False
Is 195 a factor of 223860?
True
Is 16194 a multiple of 15?
False
Is 4 a factor of 1204162?
False
Is 116488 a multiple of 86?
False
Is 66 a factor of 2574?
True
Is 299071 a multiple of 9?
False
Does 37 divide 2003624?
True
Is 18 a factor of 2803773?
False
Is 4268 a multiple of 11?
True
Is 1163500 a multiple of 125?
True
Does 77 divide 5303529?
True
Does 22 divide 161212?
False
Is 484 a factor of 317504?
True
Is 7390 a multiple of 5?
True
Does 1123 divide 1958688?
False
Does 15 divide 75362?
False
Is 18375945 a multiple of 1057?
True
Is 227285 a multiple of 58?
False
Is 42 a factor of 45860?
False
Is 922703 a multiple of 7?
False
Does 129 divide 2153218?
False
Is 7 a factor of 258229?
False
Is 14910301 a multiple of 177?
False
Is 2485000 a multiple of 355?
True
Is 29 a factor of 5140443?
False
Is 23759 a multiple of 15?
False
Is 479473 a multiple of 404?
False
Is 22957 a multiple of 82?
False
Does 119 divide 14955390?
False
Is 16686243 a multiple of 198?
False
Is 654385 a multiple of 85?
False
Does 190 divide 723886?
False
Is 77 a factor of 35035?
True
Is 414 a factor of 1016784?
True
Is 14 a factor of 9786?
True
Is 31 a factor of 1178399?
False
Does 69 divide 2424246?
True
Is 510090 a multiple of 245?
True
Is 42065 a multiple of 179?
True
Is 369181 a multiple of 7?
False
Is 169793 a multiple of 353?
True
Does 71 divide 4349001?
False
Is 17729382 a multiple of 87?
True
Is 220 a factor of 138160?
True
Is 2864916 a multiple of 647?
True
Is 22790 a multiple of 11?
False
Does 90 divide 242370?
True
Is 1319 a factor of 1156763?
True
Is 109585 a multiple of 155?
True
Does 35 divide 12592825?
True
Does 310 divide 2493950?
True
Is 50 a factor of 89232?
False
Is 81 a factor of 57915?
True
Is 489828 a multiple of 121?
False
Does 11 divide 1025750?
True
Is 4345720 a multiple of 389?
False
Does 19 divide 115900?
True
Is 96437 a multiple of 12?
False
Is 126 a factor of 103320?
True
Does 441 divide 4182003?
True
Is 84 a factor of 537020?
False
Is 366 a factor of 1573173?
False
Does 3 divide 38076?
True
Is 405623 a multiple of 197?
True
Does 130 divide 260910?
True
Does 153 divide 82926?
True
Is 2367 a factor of 9072711?
True
Is 5419638 a multiple of 13?
False
Is 245 a factor of 242247?
False
Is 16 a factor of 166112?
True
Is 19 a factor of 49837?
True
Does 116 divide 759565?
False
Does 48 divide 198866?
False
Is 16 a factor of 1576896?
True
Does 410 divide 341530?
True
Does 529 divide 170338?
True
Does 369 divide 30996?
True
Is 34 a factor of 94087?
False
Does 30 divide 2616870?
True
Does 325 divide 191750?
True
Is 672 a factor of 1555680?
True
Is 456 a factor of 1631112?
True
Is 18 a factor of 22117?
False
Is 10 a factor of 7054685?
False
Does 31 divide 755284?
True
Is 11 a factor of 1195022?
False
Does 92 divide 103424?
False
Does 17 divide 26673?
True
Does 5 divide 360496?
False
Is 453328 a multiple of 58?
True
Is 2024000 a multiple of 704?
True
Is 44424 a multiple of 3?
True
Is 1797710 a multiple of 58?
True
Is 137949 a multiple of 86?
False
Is 39 a factor of 1222728?
True
Does 25 divide 490100?
True
Does 7 divide 2249065?
True
Is 156907 a multiple of 89?
True
Is 33 a factor of 1489505?
False
Does 46 divide 109031?
False
Does 53 divide 21889?
True
Is 2777859 a multiple of 21?
True
Is 1417 a factor of 749874?
False
Does 423 divide 139978?
False
Does 117 divide 541008?
True
Is 30 a factor of 13290?
True
Is 401 a factor of 6855079?
False
Is 22 a factor of 977878?
True
Is 117852 a multiple of 138?
True
Does 95 divide 8048845?
False
Is 12 a factor of 280140?
True
Is 1186281 a multiple of 89?
True
Does 144 divide 4007601?
False
Is 326232 a multiple of 70?
False
Is 37 a factor of 131394?
False
Is 9 a factor of 12654?
True
Does 5 divide 1508718?
False
Is 4796495 a multiple of 87?
False
Is 160 a factor of 109440?
True
Is 9 a factor of 16050267?
True
Does 26 divide 2773448?
False
Is 1026221 a multiple of 80?
False
Does 114 divide 4799695?
False
Does 925 divide 3138815?
False
Is 764970 a multiple of 86?
True
Is 341 a factor of 1100881?
False
Is 287206 a multiple of 163?
True
Is 128163 a multiple of 11?
False
Is 472878 a multiple of 486?
True
Is 141 a factor of 58293?
False
Is 139 a factor of 146376?
False
Is 170 a factor of 50992?
False
Is 228 a factor of 6863686?
False
Does 239 divide 16555?
False
Is 26 a factor of 7155725?
False
Is 709400 a multiple of 325?
False
Is 2243142 a multiple of 9?
True
Does 15 divide 55125?
True
Is 18465 a multiple of 2?
False
Is 188 a factor of 174652?
True
Does 193 divide 5961?
False
Does 177 divide 300546?
True
Does 172 divide 2052290?
False
Is 14 a factor of 5931240?
True
Does 10 divide 116890?
True
Is 43738 a multiple of 63?
False
Does 166 divide 225692?
False
Is 12370628 a multiple of 13?
False
Is 932311 a multiple of 24?
False
Is 497 a factor of 4926761?
True
Does 18 divide 111186?
True
Is 232190 a multiple of 70?
True
Is 9 a factor of 135459?
True
Is 7510508 a multiple of 821?
True
Is 114440 a multiple of 20?
True
Does 27 divide 256473?
True
Is 916800 a multiple of 160?
True
Does 96 divide 350208?
True
Is 3196475 a multiple of 97?
False
Does 66 divide 380965?
False
Is 217 a factor of 497147?
True
Is 227256 a multiple of 24?
True
Is 14 a factor of 167118?
True
Does 57 divide 98382?
True
Does 281 divide 1426356?
True
Is 247569 a multiple of 74?
False
Does 21 divide 1209304?
False
Is 33418 a multiple of 22?
True
Does 15 divide 2176676?
False
Does 14 divide 109416?
False
Is 2164498 a multiple of 14?
True
Does 14 divide 1940568?
True
Is 37 a factor of 40071?
True
Does 4 divide 1222488?
True
Is 102 a factor of 46104?
True
Is 182 a factor of 558740?
True
Is 628386 a multiple of 918?
False
Does 4 divide 2286852?
True
Is 3 a factor of 181913?
False
Is 7 a factor of 3547978?
True
Is 508984 a multiple of 92?
False
Is 244355 a multiple of 112?
False
Does 61 divide 621447?
False
Is 7375676 a multiple of 77?
True
Is 18248076 a multiple of 406?
True
Is 9035022 a multiple of 15?
False
Is 35187 a multiple of 111?
True
Is 21 a factor of 29439287?
False
Is 23575566 a multiple of 102?
True
Is 50 a factor of 5456159?
False
Does 20 divide 3598880?
True
Does 102 divide 924732?
True
Does 29 divide 27956?
True
Is 10092 a multiple of 12?
True
Is 12 a factor of 2410134?
False
Is 4892005 a multiple of 171?
False
Is 9743232 a multiple of 12?
True
Is 331934 a multiple of 724?
False
Is 730807 a multiple of 34?
False
Is 63 a factor of 1021545?
True
Is 15 a factor of 4500861?
False
Is 1858251 a multiple of 320?
False
Does 8 divide 118824?
True
Is 37674 a multiple of 9?
True
Does 996 divide 5266848?
True
Is 10000089 a multiple of 11?
True
Is 494 a factor of 1076426?
True
Is 345502 a multiple of 115?
False
Is 2480 a multiple of 55?
False
Is 13 a factor of 2149532?
False
Does 24 divide 60?
False
Is 16 a factor of 5962032?
True
Does 37 divide 85159?
False
Is 251 a factor of 1133697?
False
Does 293 divide 1172?
True
Does 264 divide 324647?
False
Is 247 a factor of 9911122?
True
Is 25 a factor of 587300?
True
Does 13 divide 302071?
False
Does 116 divide 2014175?
False
Is 337534 a multiple of 142?
True
Is 19 a factor of 2952076?
False
Is 195 a factor of 14122290?
True
Does 471 divide 303385?
False
Is 296120 a multiple of 220?
True
Does 217 divide 814999?
False
Is 6 a factor of 130471?
False
Is 1498707 a multiple of 70?
False
Is 158235 a multiple of 3?
True
Is 32 a factor of 965966?
False
Is 68685 a multiple of 127?
False
Does 14 divide 1795892?
True
Is 9631818 a multiple of 14?
True
Is 12 a factor of 381048?
True
Does 51 divide 65280?
True
Is 183 a factor of 294061?
False
Is 158763 a multiple of 25?
False
Does 393 divide 393?
True